 66159 + 72793 = -25421. What are the prime factors of l?
11, 293
Let m(o) = -433*o**2 - 20*o + 51. Let q(a) = 143*a**2 + 7*a - 17. Let j(l) = -3*m(l) - 8*q(l). What are the prime factors of j(3)?
2, 5, 139
Let l(v) = 19*v + 7278. List the prime factors of l(-75).
3, 1951
Suppose -413*z + 407*z = -108. What are the prime factors of z - -195 - -7*1?
2, 5, 11
Let v(j) be the second derivative of 7*j**3/6 - 45*j**2/2 - 2*j. Let u = 3920 - 3910. What are the prime factors of v(u)?
5
Let a be (-1)/(-3)*(259 + -10). Suppose 0 = 12*z - a - 25. Suppose -z*k = -594 - 1386. What are the prime factors of k?
2, 5, 11
Suppose -77 = 10*v - 547. Let f(j) = v - 22 - 24*j - 11. What are the prime factors of f(-11)?
2, 139
Let c be 5696/(-40) - (26/10 - 2). Let y = c + 213. List the prime factors of -8 + 10 + y + 2.
2, 37
Suppose -190*k + 160*k = -511260. What are the prime factors of k?
2, 8521
Suppose 16*x + 38 = -26. Let u be (3/1 + -88)/(-1). List the prime factors of 4/x + 1 + u.
5, 17
Suppose -i = 2*g - 14066, -5*i + g = 32469 - 102865. What are the prime factors of i?
2, 7039
Suppose 12 = -7*n + 5. Let s be -11 - (-2 + n - -4). Let k(i) = 2*i**2 + 15*i + 6. What are the prime factors of k(s)?
2, 3, 19
Let y be -1029*-3*(-4)/9. Let q = y + 2251. What are the prime factors of q?
3, 293
Let p(a) = -359*a - 1395. What are the prime factors of p(-25)?
2, 5, 379
Suppose 10*g - 18 = 12. Suppose -4*a - 11*u + 1322 = -14*u, a - 323 = -g*u. List the prime factors of a.
7, 47
Suppose s + 10*s = 506. Suppose h - s - 44 = 0. What are the prime factors of h?
2, 3, 5
Let r(q) = 3*q + 18. Let p be r(-5). What are the prime factors of (-562)/p*27/(-18)?
281
Let x = -323 - -329. Suppose 0 = -x*a + 84 + 1260. What are the prime factors of a?
2, 7
Suppose -371 = q - 16913. Suppose -28*k + 10*k = -q. List the prime factors of k.
919
Let y(r) = -r - 508. Let h be y(0). Let t = -152 - h. What are the prime factors of t?
2, 89
List the prime factors of 9358/(-12 - -13) - -11.
3, 347
Suppose 27136 = 3*s - 19*z + 24*z, -5*z = -3*s + 27146. List the prime factors of s.
83, 109
Let o(b) = -6*b - 2. Let v be o(-2). Let y(m) = 7*m + 27 - v*m + 10*m**2 - 9*m + 22. What are the prime factors of y(5)?
239
Let s = -16211 - -22786. List the prime factors of s.
5, 263
Suppose o = -0*i + 2*i - 2, -5*i = -o - 11. Suppose -o*r = -c - 4*c - 3154, 3*c = 4*r - 3150. List the prime factors of r.
2, 3, 131
Suppose 5*j + 0*l - 304438 = 4*l, 6*l = 4*j - 243570. List the prime factors of j.
2, 3, 73, 139
Suppose -z + 9 = 2*s, -4*s + z + 4 = 1. Suppose g - 95 = -h, s*h - 2 = 2. List the prime factors of (g - -5)/(2 - 0).
7
Suppose 89*a - 1162121 - 1169364 = -319729. List the prime factors of a.
2, 5651
Let v(a) = 33*a - 91. Let b be v(6). Suppose 126*g - b*g - 26942 = 0. What are the prime factors of g?
2, 709
Let o = 1005 + -947. Suppose 10314 = 64*m - o*m. List the prime factors of m.
3, 191
Let z = -47720 - -71726. What are the prime factors of z?
2, 3, 4001
Suppose -16*i + 24 = -12*i. Suppose 7*d - 6*d - i = 0. Let w(n) = n**3 - 6*n**2 + 6*n + 8. What are the prime factors of w(d)?
2, 11
Let k = -13 - -16. Let s(o) = -o**2 + o + 4. Let f be s(k). List the prime factors of 1*(f/(-6))/(2/318).
53
Let i(f) = 119*f**2 + 2*f - 42. Let a be i(-5). Suppose -14*c = -7361 + a. List the prime factors of c.
317
Let b(p) = -2*p**2 - 16*p + 8. Let y be b(-9). What are the prime factors of y - 648/(-3) - 1*-4?
2, 3, 5, 7
Let l(h) = 53*h + 156. Let p be l(12). Suppose 4*w + 2*o - 3210 = 0, -46*w - 4*o + p = -45*w. List the prime factors of w.
2, 3, 67
Suppose 0 = -3*s + 4*h + 23, s + 2*s - 5*h - 25 = 0. Let n(r) = 2*r**3 + 6*r**2 - 4*r - 3*r**2 + s*r**2 - r**3 + 4. List the prime factors of n(-5).
3, 11
Suppose 0 + 9 = n. Suppose -5482 = -95*o + 23778. Suppose -o = -11*c + n*c. List the prime factors of c.
2, 7, 11
Suppose -2*n = 4*q - 264 - 600, -2*n + 646 = 3*q. Suppose 0 = -g - 3*m + 216, 5*m - 4*m - q = -g. What are the prime factors of g?
3, 73
Let p(c) = c**2 + 8*c - 74. Let x(j) = j**2 + 9*j - 75. Suppose -2*u - 19 = -5. Let f(k) = u*p(k) + 6*x(k). What are the prime factors of f(0)?
2, 17
Let p = -8872 + 12781. What are the prime factors of p?
3, 1303
Suppose -4*b + 9 = -h, 17*b - 21 = -3*h + 13*b. Suppose -5*f = -h*m + 933, -2*m + 18*f + 609 = 19*f. What are the prime factors of m?
2, 3, 17
Let d = 182 + -180. Suppose -6*j = -4*j - u - 2851, -d*j + 2866 = -4*u. What are the prime factors of j?
1423
Suppose 0 = -p - 5*v + 47796, 110*p = 109*p + 4*v + 47850. What are the prime factors of p?
2, 3, 2657
Let m(k) be the second derivative of k**5/20 + 17*k**4/12 - 5*k**3/2 - 8*k**2 + 2*k. List the prime factors of m(-17).
239
Suppose 2*b - 2*n = n + 3235, -2*b = 5*n - 3195. Suppose 5*p = -a + b, a + 3*a = -4*p + 1288. Let s = p - 84. What are the prime factors of s?
2, 7, 17
Let t(z) = 2*z**2 - 2*z - 1. Let u(x) = x**3 - 23*x**2 + 17*x + 18. Let n(o) = -4*t(o) - u(o). What are the prime factors of n(11)?
7, 53
Let v = 74 + -98. Let x be (-42)/(-70) + v/(-10). List the prime factors of 183/(-1)*((-26)/x)/13.
2, 61
Suppose 29*n + 5733 - 31113 = -2470. List the prime factors of n.
2, 5, 79
Let p(c) = -146*c + 243. List the prime factors of p(-31).
19, 251
List the prime factors of (7810/(-25) + 7)*(0 + -190).
2, 3, 19, 509
Suppose 32*l - 15*l = -7*l + 390792. What are the prime factors of l?
19, 857
Suppose -4549 = -3*a - 4*x, 2*x - 3577 - 4042 = -5*a. What are the prime factors of a?
3, 509
List the prime factors of (-1169467)/(-26) - (-1*3 - (-217)/62).
3, 11, 29, 47
Suppose -m - 4*z + 9 = 0, -5*z = -m - 4*z - 1. Let w be (-2 + 3/1 - 0)/m. What are the prime factors of 54 - 6 - (-2 + w + 2)?
47
Let k = -61 - -149. Let o(t) = -163 + k + 102 - 5*t. List the prime factors of o(-9).
2, 3
Let b(g) = 7*g**3 - g**2 - 5*g + 7. Let z be b(2). Suppose -3*o + 2*j - 3*j = 88, 2*o - 4*j = -82. Let c = z + o. List the prime factors of c.
2, 3
Let o(z) = -3*z**3 + z**2 - 2. Let j be o(-3). Suppose j + 20 = 6*v. What are the prime factors of 4/v - (-4 - (-1382)/(-18))?
3
Let t(z) = 5*z**2 + 10*z + 13. Suppose -2*y + 0 = -3*s - 3, 2*y - s + 3 = 0. Let b be t(y). Suppose b*r = 35*r - 763. What are the prime factors of r?
109
Suppose 5*i = 5*p - 8*p + 340, 108 = p - i. Suppose -5*g + 5 = p. List the prime factors of (-2826)/g + (6/(-7))/(-2).
3, 5
Let h(i) = -i**3 - 12*i**2 - 23*i - 32. Let c be h(-10). Let y(j) = -111*j**3 - 4*j**2 - 7*j - 5. List the prime factors of y(c).
881
Let o = -26435 + 41087. What are the prime factors of o?
2, 3, 11, 37
Let p = -169 + 88. Let y = p - -85. Suppose -1 = y*w - 5, -w = j - 6. What are the prime factors of j?
5
Let d(p) = 417*p + 9107. What are the prime factors of d(0)?
7, 1301
Let x be 0/(-5) + 3 + 2. List the prime factors of (-3)/x + (-28728)/(-105).
3, 7, 13
Let z(d) be the first derivative of 3 + 5*d + 9/2*d**2 + 1/3*d**3. List the prime factors of z(-11).
3
Suppose u + 14 = 2*u + 5*c, -u = c - 2. Let b be 3*(3/(-9) - u). Suppose 0 = 2*z + b*p - 214, 0 = 2*z + 4*p - 117 - 103. What are the prime factors of z?
2, 13
Suppose 15*b - 18*b = -18. Suppose 744 = -b*w + 2412. Let u = -190 + w. List the prime factors of u.
2, 11
Let r = -22250 - -44102. List the prime factors of r.
2, 3, 607
Suppose 3*i - 45 = -3*f, 5*i - 71 = 5*f - 16. Let x(a) be the first derivative of -a**4/4 + 14*a**3/3 - 5*a**2 - 28*a + 4. List the prime factors of x(i).
11
Let y = 6887 - 3233. Suppose 0 = -4*k + s + y, -3*k + 6*s - 8*s + 2735 = 0. List the prime factors of k.
11, 83
Suppose 4*z + z - 13557 = 3*b, 3*z - 8131 = 5*b. List the prime factors of ((-5 + 7)/4)/(3/z).
2, 113
Let s = 36 - 93. Let w be s/(-11) + 2/(-11). Suppose -4*d = -u + 46 + 115, 905 = 5*u + w*d. List the prime factors of u.
3, 59
Let a = -2188 + 2317. What are the prime factors of a?
3, 43
Suppose 11*l - 21*l = -20. Suppose -563 = -y + 4*i, y - i = -l*y + 1711. What are the prime factors of y?
571
Suppose -6*b - 4*b = 40. Let i be (2/8)/(b/(-16)) - -3. Suppose 0 = -4*a - 2*c + 96, a - i*c - 20 - 22 = 0. List the prime factors of a.
2, 13
Suppose 4*d = 4*g - 5652, g - 4241 = -2*g + 2*d. List the prime factors of g.
5, 283
Let z(w) = -w**3 + 5*w**2 + 6*w + 2. Let m be z(6). Suppose -m*v = 11*v. Suppose 4*g - p - 393 = v, -2*p - 390 = -5*g